{"id":133,"date":"2023-12-16T16:17:48","date_gmt":"2023-12-16T15:17:48","guid":{"rendered":"https:\/\/echiquierdubocage.com\/?page_id=133"},"modified":"2026-04-02T15:13:43","modified_gmt":"2026-04-02T13:13:43","slug":"acceuil","status":"publish","type":"page","link":"https:\/\/echiquierdubocage.com\/","title":{"rendered":"Echiquier du Bocage"},"content":{"rendered":"\n<div class=\"wp-block-cover alignfull is-repeated\"><div class=\"wp-block-cover__image-background wp-image-97 is-repeated\" style=\"background-position:50% 50%;background-image:url(https:\/\/echiquierdubocage.com\/wp-content\/uploads\/2023\/12\/tricherie-echec-competition-russe-international-32594-1024x576.jpg)\"><\/div><span aria-hidden=\"true\" class=\"wp-block-cover__background has-background-dim\"><\/span><div class=\"wp-block-cover__inner-container is-layout-flow wp-block-cover-is-layout-flow\">\n<p class=\"has-text-align-center has-large-font-size\">Bienvenue au club d&rsquo;Echecs de Flers Briouze<\/p>\n<\/div><\/div>\n\n\n<div class=\"wp-block-image\">\n<figure class=\"aligncenter size-full is-resized\"><a href=\"https:\/\/boutique-echecs.fr\"><img loading=\"lazy\" decoding=\"async\" width=\"458\" height=\"190\" src=\"https:\/\/echiquierdubocage.com\/wp-content\/uploads\/2025\/05\/Capture-decran-2025-05-26-a-15.04.33.png\" alt=\"\" class=\"wp-image-627\" style=\"width:140px;height:auto\" srcset=\"https:\/\/echiquierdubocage.com\/wp-content\/uploads\/2025\/05\/Capture-decran-2025-05-26-a-15.04.33.png 458w, https:\/\/echiquierdubocage.com\/wp-content\/uploads\/2025\/05\/Capture-decran-2025-05-26-a-15.04.33-300x124.png 300w\" sizes=\"auto, (max-width: 458px) 100vw, 458px\" \/><\/a><\/figure>\n<\/div>\n\n\n<p class=\"has-text-align-center\">Derni\u00e8res rondes des interclubs pour les \u00e9quipes de N3 et de r\u00e9gionales le samedi 28 et le dimanche 29 mars.<\/p>\n\n\n\n<p class=\"has-text-align-center\"><a href=\"https:\/\/echiquierdubocage.com\/wp-admin\/post.php?post=135&amp;action=edit\">Voir les r\u00e9sultats dans comp\u00e9titions<\/a><\/p>\n\n\n\n<p class=\"has-text-align-center\"><a href=\"https:\/\/echiquierdubocage.com\/?page_id=139\" data-type=\"page\" data-id=\"139\">17\u00e8me Open de Flers<\/a> samedi 11 et dimanche 12 avril<\/p>\n","protected":false},"excerpt":{"rendered":"<p>Derni\u00e8res rondes des interclubs pour les \u00e9quipes de N3 et de r\u00e9gionales le samedi 28 et le dimanche 29 mars. Voir les r\u00e9sultats dans comp\u00e9titions 17\u00e8me Open de Flers samedi 11 et dimanche 12 avril<\/p>\n","protected":false},"author":2,"featured_media":0,"parent":0,"menu_order":0,"comment_status":"closed","ping_status":"closed","template":"","meta":{"footnotes":""},"class_list":["post-133","page","type-page","status-publish","hentry"],"_links":{"self":[{"href":"https:\/\/echiquierdubocage.com\/index.php?rest_route=\/wp\/v2\/pages\/133","targetHints":{"allow":["GET"]}}],"collection":[{"href":"https:\/\/echiquierdubocage.com\/index.php?rest_route=\/wp\/v2\/pages"}],"about":[{"href":"https:\/\/echiquierdubocage.com\/index.php?rest_route=\/wp\/v2\/types\/page"}],"author":[{"embeddable":true,"href":"https:\/\/echiquierdubocage.com\/index.php?rest_route=\/wp\/v2\/users\/2"}],"replies":[{"embeddable":true,"href":"https:\/\/echiquierdubocage.com\/index.php?rest_route=%2Fwp%2Fv2%2Fcomments&post=133"}],"version-history":[{"count":62,"href":"https:\/\/echiquierdubocage.com\/index.php?rest_route=\/wp\/v2\/pages\/133\/revisions"}],"predecessor-version":[{"id":825,"href":"https:\/\/echiquierdubocage.com\/index.php?rest_route=\/wp\/v2\/pages\/133\/revisions\/825"}],"wp:attachment":[{"href":"https:\/\/echiquierdubocage.com\/index.php?rest_route=%2Fwp%2Fv2%2Fmedia&parent=133"}],"curies":[{"name":"wp","href":"https:\/\/api.w.org\/{rel}","templated":true}]}}